4 (base 16) to base 10
12313444
What is -ccddd (base 15) in base 2?
-10011110111101111101
756a0a (base 11) to base 14
236c40
Convert 3551c (base 13) to base 4.
113310002
11010011010000011 (base 2) to base 11
742a0
23161152 (base 7) to base 16
1f003b
What is -2184827 (base 12) in base 4?
-120121032133
20324212 (base 5) to base 10
167432
What is -210032425 (base 6) in base 9?
-6763128
-a4285 (base 11) to base 15
-300ce
Convert -928a18 (base 11) to base 3.
-2210201202002
Convert 10822 (base 10) to base 5.
321242
What is 1101111001001011100010 (base 2) in base 6?
210021254
What is -138104 (base 11) in base 7?
-1556000
Convert 132045 (base 8) to base 9.
70231
Convert -11110100000010011110 (base 2) to base 8.
-3640236
What is 33a87e (base 15) in base 3?
11122021021002
Convert 211227 (base 14) to base 15.
171075
Convert 1984643 (base 10) to base 3.
10201211102022
Convert -823bba (base 13) to base 14.
-590621
Convert -11424327 (base 9) to base 15.
-74e6c7
Convert -1000110111101000001111010 (base 2) to base 8.
-106750172
-253228 (base 12) to base 7
-5105144
Convert -3945392 (base 12) to base 9.
-23216332
Convert -752b (base 15) to base 7.
-132164
-111264512 (base 7) to base 10
-6755639
What is 55c047 (base 13) in base 4?
13232203131
What is -14684 (base 16) in base 5?
-10133323
32ead (base 16) to base 8
627255
Convert -bb8990 (base 12) to base 8.
-13275174
193aa0 (base 16) to base 5
410402113
What is 68455 (base 9) in base 6?
550552
What is 21120021012 (base 3) in base 15?
2e1c5
What is b0c1a (base 15) in base 8?
2104760
Convert 315a9 (base 11) to base 5.
2432403
What is -12718 (base 10) in base 7?
-52036
-1111042202 (base 5) to base 8
-11236156
Convert -2820285 (base 12) to base 8.
-36421605
11011011101111 (base 2) to base 13
652a
Convert 11010000001101111010 (base 2) to base 5.
204242413
Convert -67281 (base 12) to base 10.
-136897
Convert -4353c (base 13) to base 12.
-5a543
Convert 7d909c (base 14) to base 9.
8056366
What is 7435990 (base 10) in base 11?
4219851
Convert -2122121121 (base 3) to base 4.
-30233233
What is -3200212333 (base 4) in base 7?
-10551133
Convert -20026016 (base 7) to base 2.
-110010011110011000111
Convert 2574062 (base 10) to base 6.
131100542
4612655 (base 7) to base 5
121343414
What is -3333531 (base 6) in base 11?
-105276
1f6fe (base 16) to base 5
13110031
What is -30032330 (base 4) in base 11?
-34713
Convert -343206 (base 14) to base 11.
-1003183
Convert 22120101010 (base 3) to base 2.
101001001011100000
What is -15020111 (base 6) in base 3?
-222012121121
Convert 422055 (base 8) to base 13.
4bb4b
Convert -3303022 (base 5) to base 9.
-85620
-2b8686 (base 12) to base 13
-1cc0c5
What is 5153030 (base 7) in base 13?
188459
558500 (base 9) to base 16
519cf
11410 (base 12) to base 16
5a0c
Convert 7b253 (base 14) to base 11.
195079
-5a48 (base 12) to base 13
-47c9
What is aab8b (base 13) in base 4?
1023210302
-bb143 (base 13) to base 16
-52a82
132b03 (base 14) to base 12
27a43b
Convert -10224014 (base 5) to base 2.
-10101000001110110
-b28b2 (base 12) to base 15
-48ec8
What is 204142 (base 6) in base 7?
66020
1a7189 (base 12) to base 6
14013053
What is -28431703 (base 9) in base 16?
-d6c314
Convert -c80584 (base 13) to base 12.
-169b251
-42560412 (base 7) to base 3
-20211022211200
What is 28604541 (base 9) in base 12?
48b723a
Convert -210102 (base 10) to base 15.
-423bc
151503 (base 8) to base 10
54083
What is -100100101110111110100 (base 2) in base 3?
-2021011011111
239d2 (base 16) to base 7
1145201
Convert b7ab32 (base 14) to base 16.
5ed3d8
Convert -24334235 (base 6) to base 16.
-bd20f
What is -3136606 (base 7) in base 15?
-775ca
5776362 (base 9) to base 13
853844
30243342 (base 6) to base 14
185c74
-75307 (base 8) to base 4
-13223013
-2637227 (base 10) to base 13
-7144b8
101001010010101110000 (base 2) to base 9
2482053
What is 345894 (base 10) in base 14?
900aa
Convert -202332022100 (base 4) to base 6.
-524254052
Convert 33294 (base 10) to base 7.
166032
-141044 (base 8) to base 14
-14180
What is 322021223103 (base 4) in base 12?
5131903
What is 261130 (base 11) in base 5?
101131213
Convert -222112001 (base 4) to base 12.
-84455
-100000100111111000 (base 2) to base 8
-404770
-200113351 (base 6) to base 16
-336883
What is 10110001110111101 (base 2) in base 4?
112032331
Convert 1240402 (base 5) to base 12.
121b9
What is 1d419 (base 14) in base 4?
102102033
What is -20133030 (base 6) in base 13?
-1705a7
-2262596 (base 10) to base 14
-42c7c0
-1100101111001101010 (base 2) to base 15
-83a0b
Convert -33042304 (base 5) to base 11.
-184484
-3122050 (base 7) to base 12
-161211
Convert 117049 (base 12) to base 16.
44c79
What is 1100001100010101100001 (base 2) in base 3?
20000101102220
Convert -12030311312 (base 4) to base 15.
-221942
What is 331667 (base 8) in base 15?
230b3
What is -2580b3 (base 14) in base 6?
-43351245
2000022200110 (base 3) to base 4
10011002130
Convert -778053 (base 9) to base 12.
-1a5226
What is 1221146 (base 7) in base 4?
212031023
3634e (base 16) to base 10
222030
69a145 (base 15) to base 5
2242432130
Convert 2211322122 (base 4) to base 11.
424639
Convert d5ef2 (base 16) to base 12.
36312a
3030330 (base 4) to base 2
11001100111100
Convert -7b32 (base 16) to base 5.
-2002123
-40120 (base 8) to base 9
-24523
-46a4ef (base 16) to base 9
-8635728
33792 (base 10) to base 2
1000010000000000
What is -1729091 (base 10) in base 6?
-101021015
ed86 (base 16) to base 4
32312012
What is 6540442 (base 7) in base 11?
4a6964
-17779 (base 10) to base 12
-a357
What is -2ddd9 (base 15) in base 11?
-a1427
-381159 (base 16) to base 10
-3674457
What is -24467 (base 9) in base 11?
-11380
What is 735a86 (base 11) in base 2?
100011111111001100111
132223300 (base 5) to base 15
d1c00
What is 1020333203 (base 4) in base 7?
2353442
a268e (base 15) to base 3
222010201222
What is 322343043 (base 5) in base 3?
2120200112210
What is 10069a (base 12) in base 4?
330333112
-743848 (base 10) to base 5
-142300343
-5531013 (base 6) to base 14
-7297b
110011010010001000001 (base 2) to base 11
a48601
What is 1c6ec0 (base 15) in base 10?
1390455
Convert 8a114 (base 13) to base 3.
110201211010
Convert 3d903d (base 16) to base 5.
2013101441
4402554 (base 6) to base 16
35506
-74894 (base 12) to base 3
-21210022211
-1233692 (base 12) to base 7
-42122504
-28131b (base 12) to base 10
-665735
Convert -1011011001000011000010 (base 2) to base 6.
-144000522
Convert -314272 (base 8) to base 16.
-198ba
644752 (base 8) to base 2
110100100111101010
Convert 22200123 (base 4) to base 8.
124033
Convert 5332168 (base 11) to base 8.
43637332
Convert -38242 (base 11) to base 10.
-54859
What is -2201012000 (base 4) in base 5?
-132103330
Convert 20402513 (base 7) to base 5.
414342010
What is 4597071 (base 10) in base 7?
54034353
Convert -d2de1 (base 15) to base 8.
-2430553
Convert 35220210 (base 6) to base 2.
100001010011011101110
What is -140113423 (base 7) in base 16?
-8a8a7f
Convert 311132110100 (base 4) to base 3.
222101011211002
Convert -16326 (base 11) to base 15.
-6c48
Convert -1bc46 (base 13) to base 7.
-315544
What is 3023103 (base 4) in base 16?
32d3
Convert 121230134 (base 5) to base 11.
35a830
-101110010011000 (base 2) to base 13
-aa35
What is 144123 (base 8) in base 16?
c853
-330100332301 (base 4) to base 7
-251165605
-100111000111202 (base 3) to base 5
-2242223334
Convert 561aa (base 12) to base 16.
1be92
1c4aa6 (base 14) to base 16
f70ba
Convert -161513120 (base 7) to base 2.
-101001100111111000000100
What is 17bb1a3 (base 12) in base 3?
100100202122220
1336521 (base 9) to base 15
e7314
1342421320 (base 5) to base 2
1101010010010001010110
What is 3a26 (base 16) in base 13?
6a11
1010110101100001011100 (base 2) to base 12
b4baa4
Convert 14c71 (base 13) to base 6.
502421
Convert 61004 (base 10) to base 3.
10002200102
Convert 111253 (base 8) to base 7.
214316
Convert 11011101000110110 (base 2) to base 15.
23821
Convert 4133031 (base 8) to base 15.
16977d
Convert -346f65 (base 16) to base 15.
-47d2c9
What is 10022300300 (base 4) in base 9?
2044752
What is 1204422400 (base 5) in base 6?
140125435
What is -1270641 (base 8) in base 16?
-571a1
Convert 196a48 (base 12) to base 13.
1287b3
What is e701d (base 15) in base 2?
10110010110011110011
2734 (base 14) to base 6
